by 115?
102
What is the remainder when 198 is divided by 154?
44
Calculate the remainder when 2164 is divided by 39.
19
What is the remainder when 27654 is divided by 285?
9
Calculate the remainder when 45263 is divided by 45.
38
What is the remainder when 17980 is divided by 2567?
11
Calculate the remainder when 32801 is divided by 4099.
9
Calculate the remainder when 2730 is divided by 4.
2
What is the remainder when 2273 is divided by 231?
194
What is the remainder when 15594 is divided by 52?
46
What is the remainder when 462859 is divided by 277?
269
Calculate the remainder when 5891 is divided by 256.
3
What is the remainder when 30310 is divided by 72?
70
Calculate the remainder when 36378 is divided by 12088.
114
Calculate the remainder when 234148 is divided by 81.
58
Calculate the remainder when 6720 is divided by 1126.
1090
Calculate the remainder when 6160 is divided by 880.
0
What is the remainder when 34595 is divided by 1018?
1001
Calculate the remainder when 5177 is divided by 77.
18
What is the remainder when 893 is divided by 876?
17
Calculate the remainder when 78744 is divided by 583.
39
Calculate the remainder when 2944 is divided by 963.
55
What is the remainder when 5152 is divided by 5114?
38
Calculate the remainder when 70063 is divided by 126.
7
What is the remainder when 67675 is divided by 80?
75
What is the remainder when 730 is divided by 512?
218
What is the remainder when 61264 is divided by 197?
194
Calculate the remainder when 100827 is divided by 92.
87
What is the remainder when 2462 is divided by 818?
8
Calculate the remainder when 167143 is divided by 331.
319
What is the remainder when 2685301 is divided by 365?
361
What is the remainder when 1145471 is divided by 679?
677
What is the remainder when 56246 is divided by 79?
77
What is the remainder when 159054 is divided by 423?
6
Calculate the remainder when 6819 is divided by 2121.
456
What is the remainder when 464528 is divided by 1677?
1676
Calculate the remainder when 7664 is divided by 425.
14
What is the remainder when 106932 is divided by 53370?
192
What is the remainder when 1250 is divided by 182?
158
What is the remainder when 24543 is divided by 323?
318
What is the remainder when 93469 is divided by 6676?
5
Calculate the remainder when 3475 is divided by 70.
45
What is the remainder when 169300 is divided by 299?
66
What is the remainder when 2791 is divided by 1236?
319
Calculate the remainder when 5996 is divided by 2996.
4
What is the remainder when 78469 is divided by 118?
117
Calculate the remainder when 7826 is divided by 7797.
29
What is the remainder when 395479 is divided by 229?
225
Calculate the remainder when 759462 is divided by 878.
870
What is the remainder when 10449 is divided by 206?
149
Calculate the remainder when 47851 is divided by 4785.
1
Calculate the remainder when 1119188 is divided by 46.
8
What is the remainder when 109260 is divided by 50?
10
What is the remainder when 8514 is divided by 501?
498
Calculate the remainder when 548355 is divided by 10967.
5
What is the remainder when 15860 is divided by 8?
4
Calculate the remainder when 50884 is divided by 9.
7
What is the remainder when 973 is divided by 94?
33
What is the remainder when 847 is divided by 82?
27
What is the remainder when 36096 is divided by 230?
216
Calculate the remainder when 8999 is divided by 15.
14
What is the remainder when 285145 is divided by 62?
7
Calculate the remainder when 3666 is divided by 1806.
54
What is the remainder when 333 is divided by 5?
3
What is the remainder when 122260 is divided by 5093?
28
Calculate the remainder when 2042 is divided by 25.
17
Calculate the remainder when 7339 is divided by 52.
7
What is the remainder when 1143 is divided by 1143?
0
Calculate the remainder when 106627 is divided by 820.
27
Calculate the remainder when 6416 is divided by 646.
602
Calculate the remainder when 540 is divided by 238.
64
What is the remainder when 1698781 is divided by 326?
321
What is the remainder when 1258 is divided by 259?
222
What is the remainder when 7893 is divided by 23?
4
What is the remainder when 14463 is divided by 572?
163
Calculate the remainder when 12976 is divided by 4325.
1
What is the remainder when 503921 is divided by 123?
113
What is the remainder when 997342 is divided by 173?
170
What is the remainder when 843478 is divided by 217?
216
What is the remainder when 46386 is divided by 1052?
98
What is the remainder when 22872 is divided by 260?
252
Calculate the remainder when 2510 is divided by 2410.
100
What is the remainder when 244780 is divided by 7?
4
What is the remainder when 7821187 is divided by 1174?
1173
Calculate the remainder when 561867 is divided by 18.
15
What is the remainder when 103134 is divided by 13?
5
What is the remainder when 30620 is divided by 848?
92
Calculate the remainder when 140345 is divided by 57.
11
What is the remainder when 2244 is divided by 21?
18
Calculate the remainder when 1896 is divided by 117.
24
Calculate the remainder when 30421 is divided by 4255.
636
Calculate the remainder when 1051 is divided by 212.
203
What is the remainder when 3313 is divided by 167?
140
Calculate the remainder when 44849 is divided by 402.
227
What is the remainder when 22395 is divided by 220?
175
What is the remainder when 2322806 is divided by 2322793?
13
What is the remainder when 57588 is divided by 57554?
34
Calculate the remainder when 540 is divided by 148.
96
What is the remainder when 25635 is divided by 34?
33
Calculate the remainder when 4123 is divided by 312.
67
Calculate the remainder when 10201 is divided by 8.
1
What is the remainder when 252374 is divided by 84112?
38
Calculate the remainder when 38261 is divided by 38.
33
Calculate the remainder when 571942 is divided by 118.
114
What is the remainder when 6721 is divided by 2181?
178
Calculate the remainder when 74265 is divided by 10609.
2
What is the remainder when 102671 is divided by 12823?
87
What is the remainder when 3643 is divided by 46?
9
What is the remainder when 14567 is divided by 62?
59
Calculate the remainder when 49023 is divided by 1095.
843
Calculate the remainder when 8841 is divided by 53.
43
Calculate the remainder when 29887 is divided by 22.
11
Calculate the remainder when 10663 is divided by 43.
42
What is the remainder when 3841 is divided by 863?
389
Calculate the remainder when 18780 is divided by 9388.
4
What is the remainder when 22115 is divided by 97?
96
Calculate the remainder when 37328 is divided by 12169.
821
What is the remainder when 14175 is divided by 9?
0
Calculate the remainder when 4236 is divided by 64.
12
What is the remainder when 182344 is divided by 121?
118
What is the remainder when 643 is divided by 120?
43
What is the remainder when 215653 is divided by 616?
53
Calculate the remainder when 97011 is divided by 153.
9
What is the remainder when 11116 is divided by 934?
842
What is the remainder when 10061 is divided by 588?
65
Calculate the remainder when 338819 is divided by 1049.
1041
What is the remainder when 26361 is divided by 116?
29
Calculate the remainder when 230993 is divided by 220.
213
Calculate the remainder when 3347145 is divided by 21.
18
Calculate the remainder when 26529 is divided by 698.
5
What is the remainder when 28854 is divided by 28834?
20
Calculate the remainder when 24119 is divided by 25.
19
Calculate the remainder when 9681 is divided by 151.
17
What is the remainder when 23405 is divided by 50?
5
Calculate the remainder when 887969 is divided by 73.
70
Calculate the remainder when 107207 is divided by 176.
23
What is the remainder when 1109 is divided by 1095?
14
Calculate the remainder when 7571 is divided by 2637.
2297
Calculate the remainder when 11577 is divided by 81.
75
Calculate the remainder when 11249 is divided by 20.
9
What is the remainder when 2269754 is divided by 27?
26
Calculate the remainder when 11165 is divided by 10378.
787
Calculate the remainder when 9384 is divided by 9378.
6
Calculate the remainder when 147543 is divided by 132.
99
What is the remainder when 82109 is divided by 57?
29
Calculate the remainder when 132714 is divided by 44235.
9
What is the remainder when 30630 is divided by 56?
54
Calcul